346. Suppose 0 = 3*k - 2*k - q. Is k prime?
False
Let w be (-1740)/(-9) - (-2)/(-6). Suppose 0 = n - 5*i - 987, 4*n - 5*i + w = 4111. Is n a composite number?
False
Suppose -3*l - 32 = -4*r + 152, 2*l - 5*r + 111 = 0. Suppose -5*b + 1144 + 466 = 3*s, -2*b = -4*s - 618. Let o = l + b. Is o composite?
False
Let n = 286 + -286. Let q be 18/(-8) + 2/8. Is n + (44/(-1))/q composite?
True
Let q be 10/(-15)*3*3. Let g be (-44)/((2*-1)/2). Is g/(-33) - 2522/q a composite number?
False
Suppose 0*d + 2*r - 8 = -d, 0 = 5*d - 3*r - 1. Let k(j) = 5*j + 2 + 31*j**d - 8*j + 5*j. Is k(3) a composite number?
True
Suppose -3711 = -3*p + 31026. Is p a prime number?
True
Suppose 5*d + 11 = 751. Suppose 19*f - 15*f - d = 0. Is f a prime number?
True
Is (-12375)/(-1) - (-32)/272*-17 a prime number?
True
Suppose -27140 = 3*l - b, 8*b - 12*b + 8 = 0. Let v = -5007 - l. Is v prime?
False
Let k(r) = r**3 - 6*r**2 - 44*r + 169. Is k(18) a composite number?
True
Let l be (15/(-2))/((-1)/(-2)). Let g be (-14)/(-6) + 5/l. Is (3/g)/(9/978) a composite number?
False
Let y = 32 - -178. Let k = y - -1135. Is k composite?
True
Suppose s - 4560 = 5*z, 13*s - 12*s - 4515 = -4*z. Is s a composite number?
True
Suppose -9*f + 52 = -5*f. Suppose f*t - 1174 = 11*t. Is t a composite number?
False
Let p be (-2 - (-56)/10)/(3/10). Is -2217*2/(p/(-2)) composite?
False
Let w be ((-12)/10)/2*-5. Let k = w + -2. Is (-1 - -43) + 4 + k a composite number?
False
Let j = 10062 + -1111. Is j a composite number?
False
Let m(r) = 2*r + 21. Let w be m(-8). Suppose w*t + t - 5802 = 0. Is t a prime number?
True
Let y(o) = -84*o - 25. Let l = 7 + -16. Is y(l) a composite number?
True
Suppose 8*f - 2*u = 3*f - 18, 5*f - u = -14. Is (-983)/(f + 1 + 0) composite?
False
Suppose 0 = -5*i - 4*c + 8619, -5*i = 5*c + 1274 - 9889. Is i prime?
False
Let b = -2 - -5. Let j(z) = z**2 + 12*z - 26. Let q be j(-14). Suppose b*u - q*u - 26 = 0. Is u a composite number?
True
Suppose 2*f - 3*c = 3395, 7*f + 2*c = 11*f - 6778. Is f a composite number?
False
Is (360/132)/(-5) + (-716354)/(-22) a composite number?
False
Let s(v) = 4*v**2 + 32*v + 23. Is s(-65) prime?
True
Suppose -4 = -8*t + 6*t. Is (-1*1361)/((-2)/t) composite?
False
Let v be (-2)/(-5) - 2/5. Suppose -4*i = 4*s - 12, s + v*i = 2*i. Suppose 0 = b - s*a - 8, 2*b - 13 = a + 6. Is b a composite number?
True
Let d(c) = 8*c**2 + 19*c - 43. Is d(16) a composite number?
False
Suppose -3*u + 2*c = -42, -5*c = -u - 2*u + 51. Is -1 - (-9214)/u - (-1)/6 composite?
True
Let g be -1889*4/(12/(-3)). Let z = g + -1108. Is z composite?
True
Suppose -3*k = 2*k, -4*r + 5*k + 9340 = 0. Is r a prime number?
False
Let s = -114 + 110. Is 134105/35 - s/(-7) a prime number?
False
Let b be (2348/(-10) + 0)/(18/(-540)). Suppose -d + 5289 = 3*h + 2*d, -4*h + 4*d = -b. Is h a prime number?
False
Is ((-546)/(-12) + 6)*8/2 a composite number?
True
Let x(p) = -p**2 + 10*p - 16. Let q be x(7). Let h = 971 - -33. Suppose q*v - h = v. Is v a prime number?
True
Let r = -41 - -45. Suppose 5*k - t = 1119, 7*k - r*k - 653 = -4*t. Is k a prime number?
True
Let l = -84 + 89. Suppose 3*k - 48 = -3*n, -4 = 3*k + l. Is n composite?
False
Suppose 3*o - 21 = 5*b, 2*b - 2*o + 0*o + 10 = 0. Let s(t) be the second derivative of 5*t**4/6 - t**3/2 - 2*t**2 + t. Is s(b) a prime number?
False
Let i be 2/15 + 817/285. Let h(b) = -6*b**3 - 5*b**2 + 13*b - 5. Let n(z) = 3*z**3 + 2*z**2 - 6*z + 2. Let m(t) = 2*h(t) + 5*n(t). Is m(i) a composite number?
True
Let z(q) be the third derivative of 23*q**4/24 + q**3/3 + 20*q**2. Is z(7) a composite number?
False
Suppose 0 = -3*z + 5896 + 905. Is z a prime number?
True
Suppose 5*o = -s + 8, -5*s = -2*o + 4*o + 6. Is o/(-14)*-2343 + 4/14 composite?
True
Suppose i - 5*u = -24, -u = u - 10. Suppose 0 = -v - i. Let g(m) = -53*m. Is g(v) a prime number?
True
Let c(m) = -416*m + 15. Let x be c(-5). Suppose 0 = -2*j + 7*j - x. Is j a composite number?
False
Suppose 5*b + 12 = -2*i, 0*b = -3*i - 4*b - 4. Suppose -5*x + 1738 = 3*s, -i*s + 2195 + 133 = -4*x. Is s a composite number?
True
Let h(k) = k**3 + k**2 - 7*k. Let b = -22 - -27. Is h(b) a composite number?
True
Suppose -u + 92 = 5*y, 2*u + 2*u - 2*y - 346 = 0. Let w = u + -20. Is w a prime number?
True
Suppose 0 = -4*n + 2*r + r, -2*r = 2*n. Suppose n = -j + 4*y + 3889, 2*j + 4*y = 4*j - 7782. Is j prime?
False
Suppose 3*y - h = 11, -2*h - 11 = -1. Suppose -t - y*t + 435 = 0. Is t prime?
False
Suppose -5*z - 6240 = 5*m - 92800, -34639 = -2*z + m. Is z a prime number?
True
Let j = 4 - -2. Suppose -3*i - 249 = -j*i. Let a = i + -26. Is a a composite number?
True
Let u = 1905 - 1256. Is u a composite number?
True
Let g = -6220 - -42603. Is g prime?
True
Let o = -800 - -1278. Is o a composite number?
True
Suppose b + 2*j = j, j + 3 = 0. Suppose 0 = b*g - 4*g + 3. Suppose -7*y + 524 = -g*y. Is y prime?
True
Let t be 517/44 + (-1)/(-4). Suppose -14*l = -t*l - 1174. Is l composite?
False
Let u be (2/(-2))/(1 + 5130/(-5124)). Is 2 + (2 - 5) + u a prime number?
True
Let h be 3/12 + (-15)/12. Is 131*(2 - 3)/h prime?
True
Let a(l) be the second derivative of l**5/20 + 5*l**4/6 - 7*l**3/3 - 17*l**2/2 + 7*l. Is a(-8) a composite number?
False
Suppose -s + 3*m + 2752 = 0, 0 = 2*m + 3 - 13. Is s prime?
True
Suppose 139107 = 9*w + 32340. Is w prime?
True
Suppose 0 = -4*u - 4*t, -4*t - 8 = -3*u - 3*t. Let o be (-1)/(-2)*u + 3. Is 205*1/(10/o) a composite number?
True
Suppose 3*z + 2*b = 2*z + 106, 5*z - 550 = -5*b. Let r = -355 - -24. Let y = z - r. Is y composite?
True
Suppose 3*l - 699 = 11130. Is l composite?
False
Let z = -307 + 12362. Is z composite?
True
Let w(i) = 310*i - 13. Let z(t) = t**3 - t**2 + 3*t - 4. Let r be z(2). Is w(r) prime?
True
Let y = 574 + -380. Is y a composite number?
True
Suppose -49*q + 52*q = 9. Suppose q*l + 3*l = 3054. Is l composite?
False
Let x(p) = -p + 11. Let j be x(11). Suppose j = 3*z + 3*r + 2*r - 1128, -1490 = -4*z - 2*r. Is z a composite number?
True
Let n(h) = -28*h + 21. Let s = -8 + 1. Is n(s) prime?
False
Let v = 57134 + -38029. Is v composite?
True
Suppose 3*y - 882 = 4485. Suppose 5*v = 4*k + y, 932 + 524 = 4*v + 3*k. Is v composite?
True
Is -3 + (85500/9)/5 composite?
True
Suppose 13973 = 4*z - 5*g, 6*z = 4*z + 5*g + 6999. Is z composite?
True
Let u(d) = 3*d**2 - d + 1. Let c be u(-2). Let l = -13 + c. Is 496/36 + l/9 prime?
False
Suppose 3*l - 2*l = -74. Let w = l + 46. Let b = 239 - w. Is b a composite number?
True
Suppose 193*n + 210472 = 201*n. Is n a prime number?
True
Suppose 2*t - 5*q = 93 + 24, 0 = -5*t + q + 235. Is t a composite number?
True
Suppose 0 = -29*z + 32*z - 10035. Suppose -3*b = -2784 - z. Suppose 26*v - 29*v = -b. Is v prime?
False
Let j(t) = 11*t**2 + 5*t - 8. Suppose 2*d + 50 = 7*d. Let s be j(d). Let i = -789 + s. Is i composite?
False
Let v = 848 + -3078. Let q = v + 5889. Is q prime?
True
Suppose -3*c - 15 = -4*p, 3*p + 8 = -3*c - 7. Let i(x) = -x + 326. Let v be i(0). Is (v/8)/(c/(-20)) a prime number?
True
Suppose 7*t = -4386 + 1264. Let u = t - -2307. Is u composite?
False
Is 34198*(-2 - 77/(-22)) a composite number?
True
Suppose 3*j - 4 = 4*a, -3*a + 4*j = a + 8. Suppose -299 = -2*q + q - 3*v, 5*q = -a*v + 1508. Let t = -207 + q. Is t a composite number?
True
Let c(s) be the second derivative of s**7/630 + s**6/120 - 11*s**5/120 - 5*s**4/12 + 4*s. Let z(g) be the third derivative of c(g). Is z(-9) a prime number?
False
Suppose m + 3*l = 1, -3*m + 7*m + 3*l - 49 = 0. Suppose o + m = 2*o. Is -4*(-4)/o + 36 composite?
False
Let y(w) = -2*w - 10. Let k be (-11 + 9)*(-14)/(-4). Let l be y(k). Suppose 2*j = -r + 14, -l*j + 5 + 11 = 5*r. Is j prime?
False
Let b(m) = -m + 2. Let t(v) = -5*v**2 + 6*v - 18. Let d(a) = -6*b(a) - t(a). Is d(-7) a composite number?
False
Suppose 6*k - 3*k - 15 = 0. Suppose 2*c - k*r - 1330 = 1488, -2*c + r + 2818 = 0. Is c composite?
False
Suppose 0*j = 3*j - q - 8629, -3*j = -2*q - 8624. Suppose j - 517 = 3*s. Is s prime?
True
Let u(c) = 2*c. Let d be u(-7). Let y = -9 - d. Is (394 - (-3 + y)) + 3 composite?
True
Let h = 10158 + 6685. Is h a composite number?
False
Suppose -257*n + 265*n - 111704 = 0. Is n composite?
False
Let z(c) = -4024*c**3 + 5*c + 1. Is z(-2) composite?
False
Let j(z) = -2*z**3 + 14*z**2 - 4*z + 2. Let v(c) = -